{"id":6699,"date":"2023-06-29T20:24:48","date_gmt":"2023-06-29T20:24:48","guid":{"rendered":"https:\/\/keoss.io\/bodega\/producto\/champu-para-ninos-marca-carrier-de-240-ml\/"},"modified":"2023-08-07T13:40:26","modified_gmt":"2023-08-07T13:40:26","slug":"champu-para-ninos-marca-carrier-de-240-ml","status":"publish","type":"product","link":"https:\/\/keoss.io\/bodega\/producto\/champu-para-ninos-marca-carrier-de-240-ml\/","title":{"rendered":"CHAMP\u00da PARA NI\u00d1OS MARCA CARRIER DE 240 ML"},"content":{"rendered":"","protected":false},"excerpt":{"rendered":"<p>CHAMP\u00da PARA NI\u00d1OS MARCA CARRIER DE 240 ML SON FRAGANCIA DE CEREZA.<\/p>\n","protected":false},"featured_media":6698,"comment_status":"open","ping_status":"closed","template":"","meta":{"inline_featured_image":false},"product_cat":[56],"product_tag":[],"class_list":["post-6699","product","type-product","status-publish","has-post-thumbnail","hentry","product_cat-ninos"],"_links":{"self":[{"href":"https:\/\/keoss.io\/bodega\/wp-json\/wp\/v2\/product\/6699","targetHints":{"allow":["GET"]}}],"collection":[{"href":"https:\/\/keoss.io\/bodega\/wp-json\/wp\/v2\/product"}],"about":[{"href":"https:\/\/keoss.io\/bodega\/wp-json\/wp\/v2\/types\/product"}],"replies":[{"embeddable":true,"href":"https:\/\/keoss.io\/bodega\/wp-json\/wp\/v2\/comments?post=6699"}],"wp:featuredmedia":[{"embeddable":true,"href":"https:\/\/keoss.io\/bodega\/wp-json\/wp\/v2\/media\/6698"}],"wp:attachment":[{"href":"https:\/\/keoss.io\/bodega\/wp-json\/wp\/v2\/media?parent=6699"}],"wp:term":[{"taxonomy":"product_cat","embeddable":true,"href":"https:\/\/keoss.io\/bodega\/wp-json\/wp\/v2\/product_cat?post=6699"},{"taxonomy":"product_tag","embeddable":true,"href":"https:\/\/keoss.io\/bodega\/wp-json\/wp\/v2\/product_tag?post=6699"}],"curies":[{"name":"wp","href":"https:\/\/api.w.org\/{rel}","templated":true}]}}